 y + 1. Suppose -3*a - 3*n = -9, 0 = -2*a + 4*a + n - 5. Let i be 1 + -3 + 24/a. Suppose 0 = 3*p + 2*p - i. Give u(p).
-1
Let h(j) = -2 - 1 + 6*j - 4*j**3 - 2*j + 5*j**2. Let s(g) = -3*g**3 + 4*g**2 + 3*g - 2. Let c = -36 - -41. Let v(q) = c*s(q) - 4*h(q). Calculate v(-2).
-4
Let n(c) be the third derivative of -c**5/60 - 7*c**4/24 - c**3 + c**2. Let u = 13 + -25. Let p = u + 7. Determine n(p).
4
Let q(k) = k**2 - 6*k - 5. Let m be q(7). Let g(o) = -3 - 3 - m*o + 0. Give g(-5).
4
Suppose -t + 3*a + 9 = 0, -4*t - 6 = t + 2*a. Let i(q) = -4 - 13*q**3 + q - 13*q**3 + 25*q**3. Calculate i(t).
-4
Let b(i) = 3*i**2 - 12*i + 7. Let c be b(3). Let f(o) = -3*o**3 - o**2 - 4*o - 3. Give f(c).
25
Let a(l) be the first derivative of l**4/4 + 7*l**3/3 + l**2/2 + 4*l + 3. Let m be a(-7). Let x(z) = 2*z**2 + 3*z + 2. What is x(m)?
11
Let q(y) = -y - 4. Let l = -9 - -5. Let w = l - -1. What is q(w)?
-1
Let z(w) = -5*w**2 + 6*w + 7. Let c be z(-1). Let j(b) = b**2 + 7*b + 1. Give j(c).
-11
Let h = 1 + 5. Suppose 11*f - 20 = h*f. Let o(y) = 13*y**2 - 8*y + 1. Let p(s) = 3*s**2 - 2*s. Let n(l) = 2*o(l) - 9*p(l). What is n(f)?
-6
Let h = -1/223 + 247/5352. Let t(o) be the third derivative of 3*o**2 + 0 + 1/20*o**6 - h*o**4 + 0*o + 0*o**5 + 0*o**3. Calculate t(-1).
-5
Let k(l) = -l**2 + 12*l. Let y be k(11). Let p(f) = y*f - 5*f - 4*f. Calculate p(2).
4
Suppose 2*f = 5*l + 3, -7*f + 4*f + 16 = 4*l. Let t(g) = 5*g**2. Let a(s) = -41*s**2. Let q(b) = 6*a(b) + 51*t(b). Give q(l).
9
Let a(d) be the second derivative of d**5/20 + 7*d**4/12 + d**3 - 7*d**2/2 + 19*d. Determine a(-6).
-7
Let r be 1 - 3 - (2 - 6). Let b(h) = -5 - 8*h**r - h**3 + 5*h**2 + 0*h + 2*h. Suppose -l - 4 = -0*l. What is b(l)?
3
Let i(m) = -m**2 + m - 11. Suppose 3*k = -k. What is i(k)?
-11
Let s(f) = -2*f + f**3 - 2*f - 2*f + 5*f. Suppose 2 - 4 = -2*d. Give s(d).
0
Let x(s) = s**3 - 16*s**2 - 18*s + 8. Let i be x(17). Let n(k) = k**3 + 8*k**2 - 8*k + 12. Calculate n(i).
3
Let u(v) = -2*v + 1. Let g be u(4). Let t(x) = -7*x - 7. Let q(o) = -o - 1. Let b(w) = -6*q(w) + t(w). Calculate b(g).
6
Let l(z) be the second derivative of -z**4/3 - z**3/3 - z**2/2 + 13*z. Calculate l(-1).
-3
Let s(b) = -149 - 11*b - 150 + 299. Determine s(1).
-11
Let q(a) = a**3 + 12. Let z be (-2 - -2)/((-12)/(-3)). What is q(z)?
12
Let w(k) = -k**3 + 2*k**2 + 3*k + 2. Let g(n) = 5*n**3 - 8*n**2 - 12*n - 9. Let x(s) = 2*g(s) + 9*w(s). Give x(-2).
-6
Let p(g) = -g**3 + 5*g**2 - 4. Let w = -2 - 5. Let d(k) = k**2 + 6*k - 2. Let y be d(w). Give p(y).
-4
Let j(h) = 2*h - 4. Suppose 2*y + 18 = 2*f, 5 = -2*y - 1. Give j(f).
8
Let m(y) = y**2 - 6*y + 6. Suppose 3*u = 2*u - 11. Let x = -8 - u. Suppose x*z + 2*a = 16, -18 = -5*z + 2*a - a. What is m(z)?
-2
Let k(z) = 39*z**2 - 2*z - 41*z**2 + 4*z - 2*z**3. Suppose -5*i - 4*y - 6 = 0, -5*y = 2*i - 6*i - 13. What is k(i)?
4
Let v(k) = k**3 + 10*k**2 + 10*k + 5. Let x be v(-9). Let w(o) = o**2 + 4*o - 5. Calculate w(x).
-5
Let v(b) = -b**3 + b**2 + 46. Let d be v(0). Suppose -5*l + 4*s + d = 0, 0*l - 5*l + 5*s = -50. Let x(o) = -o**2 + 8*o - 4. What is x(l)?
8
Let x(g) = 4*g - 2*g + 38 - 39. What is x(4)?
7
Let l = -1 - 3. Let v be (-9)/6 - 2/l. Let z(h) = h**3 - 2*h - 1. Give z(v).
0
Suppose 50 = -3*r + 8*r. Let j = r + -6. Let f(y) = -y**3 + 4*y**2 - y + 5. Calculate f(j).
1
Let a(y) = -y - 6. Let o(j) = j**3 + 2*j**2 - 3*j + 2. Let q be o(-3). Suppose q*i - 9 = 3*i + c, 2*c + 14 = -i. Determine a(i).
-2
Let h(w) = w**3 + w**2 - 9*w + 5. Let v(u) = -2*u**3 - u**2 + 17*u - 9. Suppose 0 = 6*n - 3*n. Let a = -7 - n. Let c(o) = a*h(o) - 4*v(o). Calculate c(4).
-3
Let v be (4 - 2)/(2/3). Suppose 0 = -y - 2 + v. Let k(n) = -4*n**3 - 2*n**3 - 2*n + 1 + n**3. Give k(y).
-6
Let s(f) = -2*f**2 + 6*f - 2. Let v(h) = -1. Let y(d) = d**2 - 3*d + 1. Let r be y(1). Let o(c) = r*s(c) - 3*v(c). Determine o(4).
13
Suppose 0 = -2*i + 1 - 3. Let y be (5 - 2) + i + -2. Let c(d) = -d**3 + d + 8. Give c(y).
8
Let n = -3 + 4. Suppose a + n = -0*a. Let j = -2 + a. Let u(w) = -w**3 - 5*w**2 - 4*w - 2. Calculate u(j).
-8
Let f(g) = g**2 + g - 23. Suppose -3*l + 4*o = -5*l + 16, -20 = -5*o. What is f(l)?
-23
Suppose 0 = a - 2*o + 3*o + 4, -o - 5 = 2*a. Let i(c) be the third derivative of -5*c**4/24 - c**3/6 - c**2. What is i(a)?
4
Let s(w) = 5 - 7*w + 6*w + 2*w. Calculate s(-7).
-2
Let z(b) = b**3 + 3*b**2 - 2*b. Let g = -22 - -46. Suppose g = -4*w - 3*d, -3*w + 7 = -0*w - 4*d. What is z(w)?
6
Let d(q) = -2*q - 1 + 3 + 13*q**3 - 12*q**3. Calculate d(2).
6
Let q(h) be the first derivative of h**3/3 - 3*h**2 - 11*h + 1. What is q(8)?
5
Let l(q) = 4*q - 4. Let h(u) = -u**2 - 8*u + 4. Let j be h(-8). Suppose -20 = -j*k - k. Give l(k).
12
Let m(j) = j**3 + 3*j**2 - 5*j. Let w(x) = -x**3 - 3*x**2 + 5*x - 2. Let z(b) = 4*m(b) + 3*w(b). Let k(a) = -a + 1. Let g be k(5). What is z(g)?
-2
Let f(s) = -21 + 20 - 2*s**3 - s**2 + s**3. Give f(2).
-13
Let m(q) = 2*q**2 + 9*q - 8. Let i(r) = -r**2 - 5*r + 4. Let p(n) = 11*i(n) + 6*m(n). Let y = 15 + -18. Determine p(y).
8
Let y(z) = 10*z**2 - z. Suppose -2 = 5*c + 3. What is y(c)?
11
Let p(f) = f**2 + 3*f - 4. Let c be p(-4). Let u(l) = -l + 5. What is u(c)?
5
Let i be 24/36 - 1/2. Let l(s) be the second derivative of 1/2*s**4 - i*s**3 - 1/20*s**5 + s + 0 + 0*s**2. Determine l(6).
-6
Let o(l) = 2*l - 2*l - l - 2. Let b(x) = 2*x**3 + 4*x**2 + 2*x - 1. Let w be b(-2). Determine o(w).
3
Let u be (30/25)/((-2)/(-5)). Let a be (-12)/u - (-1 + 0). Let r(g) = -6 + g**2 + 3*g + 5 + 5. What is r(a)?
4
Let j(l) = -4*l**3 + 11*l**2 + 5*l + 3. Let d(x) = -x + 1. Let t be d(-7). Let h(u) = -3*u**3 + 7*u**2 + 3*u + 2. Let a(w) = t*h(w) - 5*j(w). What is a(1)?
-3
Let a(y) = 3*y - 3. Let k(d) = -4 + 0 + 4 - d + 1. Let g(l) = 2*a(l) + 5*k(l). What is g(2)?
1
Let u(o) be the third derivative of o**4/24 - 2*o**3/3 + 16*o**2. Determine u(0).
-4
Let l(w) be the first derivative of -w**2 - 2*w + 4. Suppose 2*x - 4 = -s + 5, -3*s = -9. Suppose -3*k - 5*h = 19, h = 3*k + x + 4. Give l(k).
4
Let s = 5 - 4. Let h be s/(-1) - (6 - 4). Let p be (-3 - h)/(0 + -2). Let v(r) = -r + 4. Give v(p).
4
Let y(r) = -2*r**2 - 12*r - 10. Let t be y(-4). Let x(z) be the second derivative of -z**4/12 + z**3 - 2*z**2 - z. Determine x(t).
-4
Let x(n) = n**2 + n + 5. Suppose 7*y - 2*y = 0. Let o(g) = g. Let r be o(y). Calculate x(r).
5
Let x(d) = -d + 13. Let s(g) = g - 12. Let i(l) = -6*s(l) - 5*x(l). Give i(6).
1
Let s(y) = y**3 - 10*y**2 + 8*y + 8. Suppose -2*l + 4*a + 30 = 0, -2*a + 7*a + 33 = 2*l. Calculate s(l).
-1
Let o(v) = -8*v + 2. Let n = -105 - -108. Give o(n).
-22
Let n(w) = -w + 4. Let i(y) = 2*y + 8. Let v be i(3). Let g = -9 + v. Determine n(g).
-1
Let w(l) = -l**3 - 7*l**2 - 5*l + 8. Let y be ((-12)/8)/(1/4). Give w(y).
2
Let m(x) = x**3 + 13*x**2 - 14*x + 7. Suppose -60 - 10 = 5*b. Determine m(b).
7
Let v(n) = 10*n**2 + 5 + 6*n**2 + n**2 - 14*n + 7*n**3. Let o(z) = 4*z**3 + 9*z**2 - 7*z + 3. Let m(a) = -5*o(a) + 3*v(a). Give m(-7).
0
Let q(u) = 4*u + 6. Let p(k) = -17*k - 24. Let x(w) = 2*p(w) + 9*q(w). Suppose 0 = -g - 24 + 18. Calculate x(g).
-6
Let f(s) = 2*s - 1. Let l(b) = -b**2 - 2*b - 3. Suppose -2*h - 3*p = p + 8, 0 = h + 4*p + 6. Let q be l(h). Calculate f(q).
-7
Let g(x) be the third derivative of 11*x**4/24 + x**3/2 + 4*x**2. Let w(s) = 10*s + 3. Let z(f) = 5*g(f) - 6*w(f). Determine z(-2).
7
Suppose 16 = 3*p + 7. Let g(f) = -p*f - 3*f**2 + f + f. Determine g(-1).
-2
Let y be 4/(-18)*-3*3. Let s(n) be the third derivative of 1/6*n**3 - y*n**2 + 0 + 0*n + 1/24*n**4. What is s(5)?
6
Let k(y) = -8*y + 8*y**3 + 2*y**2 + 2*y + 0*y**3 + 7*y. What is k(-1)?
-7
Suppose 0 = 5*t - 0*u - 2*u - 11, t = -3*u + 9. Suppose -2*m = -5 + t. Let a = 3 - m. Let s(b) = b**2 - 2*b - 2. What is s(a)?
-2
Suppose 0 = -6*t + 3*t - 15. Let o(f) = 1 - 6 - f + 4. Calculate o(t).
4
Let d(w) = -5*w - 74 + 3*w + 70. Determine d(-3).
2
Let q(y) = -y**3 - 12*y**2 - 11*y - 3. Let o(p) = p**2 + p + 1. Let b(j) = -6*o(j) - q(j). Let t(s) = -3*s + 1. Let l be t(2). Give b(l).
-3
Let i be 2/1*1*1. Let d(y) be the first derivative of -3*y**2 - 1/4*y**4 + 2 - 2*y**3 + i*y. Calculate d(-5).
7
Let c(w) = 10*w + 1. Let y(b) = 2*b. Let t(i) = -c(i) + 3*y(i). Give t(-2).
7
Let t(x) = -13 - 6*x**2 + 8*x**2 + 10*x**3 + 12. Determine t(